-8)
85
(-2 - 3) + 0 - (-42 + 18 - 61)
80
What is the value of 0 + -28 + (58 - 55)?
-25
Evaluate 80 - (-17 + 0 - (65 + 11 + -104)).
69
Calculate (70 - 37 - 27) + (7 - (0 - 19)).
32
What is (-219 + 121 - -83) + (-6 - (2 - 1))?
-22
What is the value of 6 + (-70 - 14) + 67?
-11
What is (-14 - -1) + -11 + -32 + 37 + -76?
-95
26 + 37 - 25 - (2 + -11)
47
-59 + (7 - -24 - 57) + -4 + -7
-96
-19 + (4 - -1 - (79 + -86))
-7
Calculate -15 + (-42 - (7 - ((-5 - -16) + 12))).
-41
What is the value of 23 + (-74 - (-13 - (0 + -12)))?
-50
What is the value of -24 + (0 + -24 + 42 - 20)?
-26
What is -5480 + 5482 - (17 - (-2 - -1))?
-16
Evaluate 7 - (-49 - 17 - 9) - (-3 - -7).
78
What is -12 - 1 - (163 + -187) - (0 - -11)?
0
What is the value of 11 + (-15 - (12 - 5 - 9 - 9)) + 78?
85
Evaluate -37 - (-37 + 53 - -44).
-97
Calculate -5 + (-16 + (-12 - -26) + -2 - (-1 - 3)).
-5
What is 1 - (-12 - -5) - (37 - (6 + 16))?
-7
Evaluate 1 + (1 - -5) + (-15 - -5 - 5) + -15.
-23
What is 2 + -52 - (-480 - -490)?
-60
15 + -4 + -3 - (24 + -12 + -150 - -9)
137
What is the value of (30 - (71 - -8)) + 35?
-14
Evaluate 0 + -1 + 2 + (20 - (-26 + (54 - -15))).
-22
0 - 35 - ((-30 - 49) + 74)
-30
Evaluate (14 + -4 - (-4 - -16)) + -1 + -13 + 11.
-5
What is the value of (-8 - 1) + -1 - (247 - 103 - 141)?
-13
Evaluate (-1 - -7) + (38 - -3) + (3 + 1 - 0).
51
Evaluate -4125 + 4119 + (27 - 1).
20
80 + -6 + -44 - -43
73
Evaluate -7 + (-4 - -6) - (92 + -25 - 24).
-48
Calculate -15 - -47 - -9 - (16 + (4 - 11)).
32
What is -45 - (10 + -2 + (12 + 0 - 10))?
-55
Calculate (-79 - (30 - 49)) + 48.
-12
-20 + (-67 - -6) + 16 + 16
-49
What is 4 + -2 + 34 + (4758 - 4666)?
128
Evaluate 11 + (-36 - ((-18 + 2 - -1) + 4)) + 43.
29
What is 0 + 2 + (13 - (-2 - (-26 + (25 - 18))))?
-2
Calculate (367 - 352) + -20 + 0 - (0 + -30 - 1).
26
Calculate -11 + -8 - (-25 - 11) - 10 - (-115 - 5).
127
Calculate -16 - 1 - (-1239 - -1194).
28
What is -1 + (-59 - -3) + 9 + -3 + -19 + 26?
-44
What is 24 + -64 + 90 + (-2 - 0) + (3 - -4)?
55
What is the value of (-12 - 2 - (-172 + 159) - 24) + 15?
-10
What is -26 + (4 - 21 - -30 - 34)?
-47
Evaluate 1 + -5 - (-155 - -159).
-8
Calculate -3644 + 3589 + (0 - (4 - (7 + -1))).
-53
What is the value of 5 + 6 + -14 - (-8 - -48)?
-43
Evaluate 102 - -4 - (-53 + 9 - -80).
70
Evaluate -1 - (-2 + -48) - (1264 - 1240).
25
What is the value of (13 - 8 - -41 - 185) + 7?
-132
-89 + (-8 + -5 - ((-30 - -5) + 18))
-95
Evaluate 48 - (-4 + 84 + -28).
-4
Calculate -1 + -45 + 1633 + -1576.
11
Evaluate (17 - 4) + -15 + 20 + 64 + 18.
100
What is the value of 5 - (-84 - -46) - 65?
-22
What is the value of (27 - -2) + (-3 + -2 - (0 - 21) - 10)?
35
What is the value of -56 - ((-39 + 35 - 71) + 37)?
-18
Evaluate 104 - (15 + 14 + (5 - 8)).
78
Calculate (-3 - 20) + -11 + -24 + 20 + (-14 - 1).
-53
Evaluate (12 + -10 - (10 - (-6 - -11))) + 9 - -16.
22
Calculate -23 - (-3 + -20 + -254 + 246).
8
Calculate (-20 - (4 + -63)) + -43.
-4
-3 + (13 + -1 - 13) + -2 + 3
-3
What is 30 - 62 - 31 - (11 + -3 - 8)?
-63
Evaluate (-41 - (-5 + 6)) + (275 - 318).
-85
Calculate 1 - (34 + -9) - 1 - -18 - (-84 - 1).
78
What is 1 - (-15 + (5 - 1 - (304 - 315)))?
1
What is -36 + (-6 + (-16 - -31) - 13)?
-40
What is -9 - (477 + -503 + (-10 - 1))?
28
(16 + -63 + 47 - (-66 - (0 + 0))) + -2
64
Calculate (81 - 180) + 132 - (-2 - (-1 - -10)).
44
What is (57 - (58 - -3)) + -2 + 6?
0
Calculate -6 - (54 - 84 - 22).
46
What is the value of -1320 + 1309 - (44 - 2)?
-53
Evaluate 452 + -418 - (-3 + 57).
-20
(-21 - -15 - 60) + 53
-13
What is the value of 38 + (17 - (97 - 50))?
8
-7 + -81 + 2 + ((-11 - -6) + -8 - -3)
-96
What is the value of -16 - (-1 + (-25 - -55 - 38))?
-7
Evaluate 43 + 2 - ((8 - 2) + (121 - 130)).
48
32 + -5 + -29 + 11 - (-7 + 23)
-7
((1 - 0) + 2 - -11) + (4 - 17)
1
-3 + -54 + 8 + (-18 + 12 - -1) + -6
-60
What is the value of (5 - (-7 - 41)) + 124 + -133?
44
What is the value of (191 - 222) + -8 + -1 + 6 + 0?
-34
What is the value of 4 + -2 + -22 + 36?
16
Calculate (8 - -2) + (-50 + -4 + 10 + 11 - 12).
-35
Evaluate -27 + (7 - ((17 - (25 - 12)) + 12)).
-36
-99 + -56 + 119 - (-6 + 1)
-31
What is the value of (-2 - 0 - -13) + (-1066 - -1075)?
20
What is -193 - -232 - (4 - 45)?
80
Evaluate -5 + -1 - (-1807 + 1863).
-62
What is the value of 230 + -107 - 277 - -96?
-58
What is ((1 - 17) + 46 - 11) + -37 - 6?
-24
What is the value of (-231 - (-352 + 167)) + 0 + 5?
-41
What is 26 + 0 + (40 - (-42 + 9))?
99
Calculate 41 + (65 - 184) - (2 - -18 - -3).
-101
What is 4 - ((60 - (12 + 2)) + 8 + -16)?
-34
What is the value of -9 - -11 - 16 - (-51 - -61)?
-24
Evaluate (-21 - ((7 - 9 - 12) + 9)) + 9 - -103.
96
-83 - (-74 - -32) - -6
-35
Evaluate 11 + 14 + -14 + -16 - 59.
-64
Evaluate 10 + 11 + -11 + -11 - 7 - -5.
-3
What is (-170 - -196) + (1 + 29 - 3)?
53
What is the value of 72 - 56 - (409 - 407 - (0 + -1 + 27))?
40
What is the value of -15 - 26 - (191 - 242)?
10
What is the value of (20 - (-2 - -2)) + (2005 - 2040)?
-15
What is -12 + 7 + 1 + 0 + -3 + 46?
39
What is the value of (13 - (13 - (-11 + 13))) + 1 - 5?
-2
Calculate 0 + (45 - 20 - 7).
18
What is the value of -2 + -80 + 50 + 25 + -2?
-9
-11 + (-25 - -13 - (5 - 10))
-18
(88 - (18 + -21 + -16)) + (-4 - 18)
85
Evaluate 5 + (-7 - (-5 + (14 - -16))).
-27
Calculate -59 + (-4 + 18 - -49).
4
What is -57 - (-10 - ((3 + 6 - 21) + 4)) - -4?
-51
Calculate 16 + -17 + (-32 + -5 + -4 - -2) + -7.
-47
9 - (-19 + (14 - (0 + -56)))
-42
What is the value of 41 + (-38 - (-33 - 42))?
78
What is the value of -256 + 241 - (-9 - (-1 + -3 + (1 - -3)))?
-6
Calculate (-17 - 1) + ((-40 - -98) + -51 - (-7 + 2)).
-6
(-517 - -485 - (2 - -6)) + (-15 - 0)
-55
Calculate 31 - (16 - -6) - (0 + 0 - 56).
65
What is the value of -2 - -19 - (-108 - -109)?
16
Calculate 40 - (-3 - ((-20 - -11) + 5 - 1)).
38
Evaluate -1869 + 1812 - (1 + 42).
-100
What is the value of 17 + (-2 - 4) + -43 + 31 + 23 + -1?
21
Calculate (-1 - 13) + (3 - -17) + -5 + 2.
3
Calculate 7 + (12 + -4 - 6) + (7 - 6 - 7).
3
What is 199 - (109 + -125 + 124)?
91
Evaluate 1 + -3 - (5 + 14 - 23) - (-62 + 18).
46
Evaluate 22 - -34 - (-220 + 290).
-14
0 - 1 - ((3 - 25) + (78 - 73) + 17)
-1
What is the value of -20 - (11 + (99 - 189))?
59
(-15 - 0) + (-12 - 2) + (-41 - -61) + -5
-14
Calculate 32 - (-20 - (-56 + -13 - -43)).
26
What is 6 - (-22 + (-1 - (2 + 4)) + (-9 - -7))?
37
Calculate 13 - (52 - (38 - -2)).
1
What is -4 + -136 - (-62 - 22)?
-56
What is -90 + -22 + (14 - -8) + 27?
-63
What is 12 - -42 - (-12 - (-36 - -3))?
33
What is the value of -3 - -52 - (1 + 1) - (-256 - -257)?
46
What is the value of (-99 - 30) + 118 + -4 + 2 + 0?
-13
What is the value of -57 + 32 + -26 - (-6 - -1)?
-46
Calculate 11 + -4 - (-280 - -181).
106
(47 - 2 - (958 + -926)) + (-93 - -7)
-73
What is the value of (5 - 14) + (-1169 - -1144 - (-46 - -1))?
11
Calculate -17 - (-38 - -6) - 11 - (1 + (-20 - -2)).
21
153 + (-86 - -240 - 386)
-79
(36 + -43 - -25) + 8 + 40
66
What is the value of (3 - 6 - -5) + (9 - (-9 + 17)) + 24?
27
What is 84 - 3 - (582 + -532)?
31
What is the value of -34 - (-43 + (-34 - -79))?
-36
What is the value of -24 + 15 + 9 + (4 - 16) + -80?
-92
Calculate (7 - 1) + 1 - (-49 + (94 - 31) + -12).
5
What is (30 - (-18 + 31)) + (-171 - -81)?
-73
-31 + (-93 - (-76 + -41))
-7
Calculate -567 + 523 + (0 - -8).
-36
2 - (11 + -8 + (-3 - 51 - -2))
51
Calculate (41 + 22 - 141) + -18.
-96
What is (-1 - 16) + -118 + 147?
12
Evaluate -72 + 49 + -26 + 23.
-26
Evaluate 126 + 0 + (2242 - 2313).
55
-4 + 0 + 1 + 31 + (251 - 264) - -76
91
(-3 + (31 - 18 - 16) - -14) + -57
-49
33 + -7 + 22 + -11 - (3 - -5)
29
What is the value of (65 - 93 - -4) + 6 + -41?
-59
What is 0 - (42 - 15 - (137 + -1))?
109
What is 311 + -295 - (-4 + -9)?
29
Calculate -4 + -52 + 43 - (-2 + -4).
-7
Evaluate 29 + (4 - (170 + -91)).
-46
Evaluate (-125 - -170) + -18 - (1 - 10).
36
-1 + 5 + (26 - 3) - ((7 - 12) + -4)
36
What is 13 + 8 + -26 - (-11 - 8)?
14
Calculate -1 + 9 - ((-34 - (0 + 1)) + (33 - 37)).
47
Evaluate 52 - -68 - 162 - (2 - -27).
-71
Evaluate 158 - 149 - ((-5 - -12) + 4).
-2
Evaluate -22 + (-2 - 2) - (2 - -3 - (-29 - -33)).
-27
Evaluate 3 + -15 + -8 - 8 - 13.
-41
Calculate (2332 - 2273) + -17 + 1 + -2.
41
Evaluate 75 + (-22 - (-7 + 41)).
19
Evaluate -17 + (1 - 1 - 2) - (-183 + 125 - -72).
-33
What is (14 -